remainder when 304395 is divided by 6.
3
What is the remainder when 16337 is divided by 13?
9
Calculate the remainder when 16436 is divided by 16431.
5
What is the remainder when 4748 is divided by 224?
44
What is the remainder when 90623 is divided by 57?
50
Calculate the remainder when 14821 is divided by 2929.
176
What is the remainder when 25132 is divided by 426?
424
What is the remainder when 1419755 is divided by 958?
957
Calculate the remainder when 40025 is divided by 19939.
147
Calculate the remainder when 13822 is divided by 2746.
92
What is the remainder when 120327 is divided by 10027?
3
What is the remainder when 21252 is divided by 26?
10
What is the remainder when 58739 is divided by 26?
5
Calculate the remainder when 40884 is divided by 743.
19
What is the remainder when 4322 is divided by 557?
423
What is the remainder when 100477 is divided by 45?
37
What is the remainder when 8859 is divided by 211?
208
What is the remainder when 3116 is divided by 88?
36
What is the remainder when 20480 is divided by 289?
250
What is the remainder when 19425 is divided by 99?
21
What is the remainder when 333 is divided by 38?
29
Calculate the remainder when 213762 is divided by 106866.
30
Calculate the remainder when 9868 is divided by 39.
1
What is the remainder when 196567 is divided by 4914?
7
What is the remainder when 6357 is divided by 36?
21
What is the remainder when 8532 is divided by 45?
27
What is the remainder when 1239 is divided by 953?
286
What is the remainder when 33467 is divided by 64?
59
Calculate the remainder when 185396 is divided by 488.
444
Calculate the remainder when 33379 is divided by 34.
25
Calculate the remainder when 561 is divided by 497.
64
What is the remainder when 416413 is divided by 208?
205
What is the remainder when 11564 is divided by 17?
4
What is the remainder when 94740 is divided by 758?
748
Calculate the remainder when 70381 is divided by 424.
421
What is the remainder when 8280 is divided by 43?
24
What is the remainder when 53741 is divided by 10?
1
Calculate the remainder when 3449 is divided by 313.
6
What is the remainder when 2165737 is divided by 53?
51
Calculate the remainder when 585 is divided by 23.
10
Calculate the remainder when 1788 is divided by 138.
132
What is the remainder when 270713 is divided by 162?
11
What is the remainder when 591839 is divided by 480?
479
What is the remainder when 39840 is divided by 25?
15
Calculate the remainder when 3200 is divided by 1534.
132
Calculate the remainder when 7890 is divided by 19.
5
Calculate the remainder when 10363 is divided by 3405.
148
Calculate the remainder when 36359 is divided by 11817.
908
What is the remainder when 945 is divided by 763?
182
Calculate the remainder when 174571 is divided by 58189.
4
Calculate the remainder when 438647 is divided by 25.
22
Calculate the remainder when 44521 is divided by 189.
106
Calculate the remainder when 5119 is divided by 10.
9
What is the remainder when 37089 is divided by 431?
23
What is the remainder when 47064 is divided by 4705?
14
What is the remainder when 9722 is divided by 324?
2
What is the remainder when 36686 is divided by 2822?
0
Calculate the remainder when 160059 is divided by 11.
9
What is the remainder when 9273 is divided by 357?
348
Calculate the remainder when 8238 is divided by 3297.
1644
Calculate the remainder when 9814 is divided by 65.
64
What is the remainder when 417 is divided by 226?
191
What is the remainder when 25223 is divided by 25209?
14
What is the remainder when 23284 is divided by 253?
8
What is the remainder when 740 is divided by 211?
107
What is the remainder when 7813 is divided by 415?
343
What is the remainder when 81104 is divided by 2192?
0
Calculate the remainder when 62136 is divided by 2813.
250
Calculate the remainder when 144513 is divided by 12.
9
What is the remainder when 7228 is divided by 1195?
58
Calculate the remainder when 11993019 is divided by 956.
955
Calculate the remainder when 23503 is divided by 112.
95
Calculate the remainder when 41089 is divided by 18.
13
Calculate the remainder when 89247 is divided by 75.
72
What is the remainder when 15955 is divided by 23?
16
What is the remainder when 3797 is divided by 118?
21
What is the remainder when 57392 is divided by 350?
342
Calculate the remainder when 15398 is divided by 80.
38
Calculate the remainder when 623491 is divided by 13.
11
What is the remainder when 7383 is divided by 1782?
255
Calculate the remainder when 5520 is divided by 17.
12
What is the remainder when 7651 is divided by 696?
691
What is the remainder when 12446 is divided by 4094?
164
Calculate the remainder when 56800 is divided by 526.
518
What is the remainder when 2114 is divided by 23?
21
What is the remainder when 70677 is divided by 38?
35
Calculate the remainder when 212541 is divided by 162.
159
Calculate the remainder when 3117 is divided by 6.
3
What is the remainder when 255841 is divided by 334?
331
Calculate the remainder when 40437 is divided by 20.
17
Calculate the remainder when 51631 is divided by 52.
47
Calculate the remainder when 13734 is divided by 3431.
10
What is the remainder when 56040 is divided by 1276?
1172
What is the remainder when 463025 is divided by 6257?
7
Calculate the remainder when 2096 is divided by 265.
241
What is the remainder when 17405 is divided by 159?
74
What is the remainder when 3820068 is divided by 10?
8
Calculate the remainder when 4201 is divided by 67.
47
What is the remainder when 2377 is divided by 1982?
395
What is the remainder when 47855 is divided by 11963?
3
What is the remainder when 35410 is divided by 622?
578
What is the remainder when 389199 is divided by 112?
111
Calculate the remainder when 11485 is divided by 5739.
7
Calculate the remainder when 23678 is divided by 455.
18
What is the remainder when 14490 is divided by 5?
0
What is the remainder when 3284 is divided by 591?
329
Calculate the remainder when 14729 is divided by 2444.
65
What is the remainder when 41655 is divided by 1602?
3
What is the remainder when 26570 is divided by 483?
5
What is the remainder when 50212 is divided by 13?
6
Calculate the remainder when 2315337 is divided by 22.
13
Calculate the remainder when 351 is divided by 22.
21
Calculate the remainder when 51977 is divided by 25986.
5
Calculate the remainder when 3565 is divided by 6.
1
Calculate the remainder when 32777 is divided by 456.
401
Calculate the remainder when 31338 is divided by 5217.
36
What is the remainder when 5822 is divided by 5802?
20
What is the remainder when 49578 is divided by 107?
37
What is the remainder when 1074970 is divided by 348?
346
Calculate the remainder when 11333 is divided by 26.
23
What is the remainder when 1851 is divided by 230?
11
Calculate the remainder when 206556 is divided by 21.
0
Calculate the remainder when 72055 is divided by 157.
149
What is the remainder when 248 is divided by 5?
3
What is the remainder when 6206 is divided by 2035?
101
Calculate the remainder when 70306 is divided by 56.
26
What is the remainder when 4982 is divided by 567?
446
Calculate the remainder when 37010 is divided by 9252.
2
What is the remainder when 14587 is divided by 28?
27
What is the remainder when 52639 is divided by 173?
47
What is the remainder when 2794 is divided by 346?
26
What is the remainder when 4232 is divided by 407?
162
Calculate the remainder when 51100 is divided by 419.
401
What is the remainder when 142947 is divided by 52?
51
What is the remainder when 4385 is divided by 160?
65
Calculate the remainder when 827432 is divided by 318.
314
What is the remainder when 59358 is divided by 25?
8
What is the remainder when 5473 is divided by 1356?
49
Calculate the remainder when 120277 is divided by 32.
21
What is the remainder when 27074 is divided by 40?
34
Calculate the remainder when 1132739 is divided by 435.
434
What is the remainder when 11810 is divided by 1686?
8
What is the remainder when 3986 is divided by 4?
2
Calculate the remainder when 243970 is divided by 35.
20
What is the remainder when 32191 is divided by 32189?
2
Calculate the remainder when 12321 is divided by 12308.
13
What is the remainder when 198971 is divided by 748?
3
Calculate the 